se -3*l + 2 + 25 = 0. Suppose -l*t + 165 = -4*t. List the prime factors of t.
3, 11
Let b(x) = x**2 + 10*x - 1. Suppose -38 = 3*f + o, -28 = -3*f + 4*o - 86. Let m = -25 - f. List the prime factors of b(m).
2, 5
Suppose 188 = 5*h - 127. List the prime factors of h.
3, 7
Let o(f) = f**2 + 4*f. Let r be o(3). Suppose -3*v + 2*b = -r, -26 = -v - 3*v + 2*b. Let l(t) = 3*t + 2. What are the prime factors of l(v)?
17
Let k = -172 - -175. List the prime factors of k.
3
Suppose 7*k = k + 720. List the prime factors of k.
2, 3, 5
Suppose 7 = 5*u - 98. Let w(f) = -f**3 + 4*f**2 - 8*f + 3. Let t be w(3). Let g = t + u. What are the prime factors of g?
3
Let o(u) = -u + 10. Let g = -3 - -7. Let m be -2 + 5 - g - -8. What are the prime factors of o(m)?
3
Suppose x - 94 = -3*n, 2*x + n - 3*n = 148. List the prime factors of x.
79
Suppose -93 = -3*p - 4*v + 176, -257 = -3*p + 2*v. List the prime factors of p.
3, 29
Suppose -8 - 32 = 2*z. Let p = z - -22. What are the prime factors of p?
2
Let j(l) = -l**3 - 2*l**2 + 63. What are the prime factors of j(0)?
3, 7
Let d(f) = -13*f**2 - 4*f**2 - f + 18*f**2. List the prime factors of d(-4).
2, 5
Let z = 22 + -28. Let l(o) be the first derivative of -3*o**2/2 - 8*o + 1. List the prime factors of l(z).
2, 5
Suppose 0*v = v - 3. Suppose -v*z + 2*j = -31, z - j - 22 = 2*j. List the prime factors of z.
7
Let n = 45 - 19. Let g(s) = -2*s**2 - 10*s - 4. Let z be g(-4). Suppose -z*p + 3*t + 0*t = -46, 3*p - n = -2*t. What are the prime factors of p?
2, 5
Suppose 4*g - 41 = 3*g - 5*a, -3*g + 55 = -2*a. Let h = -13 + g. List the prime factors of h.
2
Let m(w) be the third derivative of -w**5/60 + w**4/2 - 2*w**3/3 - 4*w**2. Let s be m(10). List the prime factors of 38/8 + 4/s.
5
Suppose 4*f + 70 = 2*w, 0 = 4*f + 8 + 8. What are the prime factors of w?
3
Let h be -1 - (2 - -19)/1. Let l = 35 + h. What are the prime factors of l?
13
Let k(v) = -3*v - 3. Let w be k(-2). Suppose w*n - 11 = 34. Suppose -j + 4*j - n = 0. What are the prime factors of j?
5
Suppose -j + 11 + 23 = 0. Suppose -g - 29 + 93 = 4*w, -g + j = 2*w. Let i = w + -10. What are the prime factors of i?
5
Let f be 0 + 0 - (1 - 5). Suppose 2*z = -f*w + 180, 0*z + 5*z - 45 = -w. What are the prime factors of w?
3, 5
Suppose 4*d = 18 + 262. What are the prime factors of d?
2, 5, 7
Let u(m) = m**3 + 10*m**2 + 8*m + 8. List the prime factors of u(-9).
17
Let k(i) = 2*i + 14. Suppose 3*a = 2*a. List the prime factors of k(a).
2, 7
Suppose -3*i = -322 - 233. List the prime factors of i.
5, 37
Let w(o) = -4 + o + 0*o - 5. Let h be w(7). List the prime factors of (-3)/6*h - -1.
2
Suppose t + 68 = 3*z, -z + 3*t + 6 = -6. What are the prime factors of z?
2, 3
Suppose 5*q - 3*q = 48. What are the prime factors of q?
2, 3
Let l = 14 - -76. What are the prime factors of l?
2, 3, 5
Let q(j) = 13*j**2 + 8. Let w(d) = 72*d**2 + 44. Let o(y) = 28*q(y) - 5*w(y). Let b be o(-3). Suppose -2*p - 2*p = -b. What are the prime factors of p?
2, 5
Let n = 13 + 2. Let l = n - 0. List the prime factors of l.
3, 5
Let y be (1 + 25)/(12/6). List the prime factors of (3 - 5) + y - 1.
2, 5
List the prime factors of 9/(-12)*2 - 335/(-2).
2, 83
Let u = -6 - -9. Suppose -10 = -u*a - 2*a. Suppose a*y + 6 = 0, -y + 6*y + 85 = 5*o. What are the prime factors of o?
2, 7
List the prime factors of ((-24)/(-36))/(2/210).
2, 5, 7
Let j be 31 + 2 - (2 + -1). Suppose 0 = 3*h - j - 13. List the prime factors of h.
3, 5
Let h = -5 + 8. Suppose -u - 3*d + 6 = -1, -h*u + 31 = 4*d. List the prime factors of u.
13
Let t(m) = 7*m - 1. Let u be t(1). Let o be (4/u)/(2/81). Suppose -2*q + o = q. What are the prime factors of q?
3
Let d be -2 + (-3 - 0) + 7. Suppose -i = d*i + 27. Let v = 12 + i. List the prime factors of v.
3
Let s = 6 - 2. Suppose s*n - 58 = -5*z, -5*z - n = -22 - 30. Suppose -2 + z = l. What are the prime factors of l?
2
Suppose -3*g = 2*g - 130. Let d = 45 - g. List the prime factors of d.
19
What are the prime factors of ((-341)/22)/(((-3)/2)/3)?
31
Let t(w) = w**2 + 2*w - 2. List the prime factors of t(4).
2, 11
Let w(a) = -101*a - 7. List the prime factors of w(-1).
2, 47
Let n = 69 + -59. Let g be 214/8 + (-3)/(-12). List the prime factors of g/18*n/3.
5
Suppose 0 = 4*z - 9*z + 15. Suppose t = z*t - 12. Suppose j + t = 3*j. What are the prime factors of j?
3
Let f = -118 - -178. List the prime factors of f.
2, 3, 5
Let a = -13 + 4. Let g = a - -11. List the prime factors of g.
2
Let a = 32 - -25. What are the prime factors of a?
3, 19
Let o(m) = 5*m**2 + 3*m + 2. Let b(s) = -11*s**2 - 6*s - 5. Let z(g) = -4*b(g) - 9*o(g). Let k be z(-3). List the prime factors of 4*1/k - -9.
11
What are the prime factors of ((-20)/3)/((-5)/150*1)?
2, 5
List the prime factors of 0*2/8 - -8.
2
Let a = -63 - -140. List the prime factors of a.
7, 11
Let f(m) = -m + 4. Let y be f(0). Suppose -14 = -y*b + 26. What are the prime factors of b?
2, 5
Suppose 3*o - 37 = -4*c, 0 = -4*o - 4*c - 6 + 50. Suppose 4*r + o - 71 = 0. What are the prime factors of r?
2
Let y = 72 - 70. What are the prime factors of y?
2
Let t(r) = r**3 - 9*r**2 - 9*r - 5. Let h be t(10). Suppose 34 = v - h*j, 0 = -4*v + 5*j + 288 - 107. List the prime factors of 2/(-7) + 700/v.
2, 7
Let b = -14 - -24. What are the prime factors of b?
2, 5
Let t(f) = -5*f - 18. What are the prime factors of t(-7)?
17
Suppose 3*p = 7 + 2. Suppose 0*a = -p*a + 57. What are the prime factors of a?
19
What are the prime factors of 2/5 - 7040/(-25)?
2, 3, 47
Let f(o) be the second derivative of o**4/12 - o**3/2 + o**2 + 3*o. What are the prime factors of f(5)?
2, 3
Suppose -j + 5*f = -32, 0 = -0*j + 3*j + 2*f - 28. Suppose q = -4*q + 55. Suppose 4*k = -2*x - 3 + q, -3*x = 5*k - j. What are the prime factors of x?
2
Suppose -24*m = -20*m - 644. List the prime factors of m.
7, 23
Suppose 31 = 3*o - 5*m, -6*m - 14 = 3*o - 2*m. What are the prime factors of 14/21*3*o?
2
Suppose 9 = -2*n + 5*n. Suppose 3*v + 4*a = -28 + 109, n*v = -a + 72. What are the prime factors of v?
23
Suppose 0 = 5*m, 2*j - j - 3*m = -3. Let t = 6 + j. Suppose w - t*w = -6. What are the prime factors of w?
3
Let w be (-2 + 2 - -24) + 3*-1. Let r(k) = k**2 + k + 4. Let z be r(-4). List the prime factors of (z/6)/(14/w).
2
Let k(m) = m - 2. Suppose -3*g = -5*b + 4, -g + 6 = 2*g - 3*b. Let c be k(g). Suppose -5*u - 2*t + 65 = 0, -2*u - c*t = u - 39. What are the prime factors of u?
13
Suppose 5*b = -n + 88, -4*b = 5*n - 2*n - 297. What are the prime factors of n?
103
Let q = -12 - -35. List the prime factors of q.
23
Suppose -4*y = 2*l - 48, -2*l = l - y - 65. What are the prime factors of l?
2, 11
Let h(u) = -5*u**3 + 2*u**2 - 1. Let v be h(-3). What are the prime factors of ((-4)/8)/((-4)/v)?
19
Suppose h + 10 = 3*t - 0*t, -8 = -4*h. Suppose a - 71 = -3*a + i, -4*a - t*i = -76. What are the prime factors of a?
2, 3
Let b be (-2)/6 - 376/(-12). Suppose 0 = 3*c + k - 16, 5*c - b = 3*k + 19. List the prime factors of c.
7
Let v(l) = l - 12. Let s be v(5). Let o = s + 42. What are the prime factors of o?
5, 7
Let p(z) = -z**3 + 2*z**2 - 2*z + 101. What are the prime factors of p(0)?
101
Let f(d) = -d**2 + 12*d - 8. Let q be f(10). Let u = 14 - q. List the prime factors of u.
2
Let o(p) be the first derivative of -p**4/8 - p**3/3 + p**2 + 2. Let h(x) be the second derivative of o(x). What are the prime factors of h(-4)?
2, 5
Let w be -2 + (-29)/(-1) - 3. Suppose -6*h - w = -8*h. What are the prime factors of h?
2, 3
Let g = -1 + 155. List the prime factors of g.
2, 7, 11
Let x(q) = q**3 + 6*q**2 - 4*q + 7. List the prime factors of x(-6).
31
What are the prime factors of (4/6)/(40/10020)?
167
Suppose -4*o = -5*o + 37. Let y = -20 + o. What are the prime factors of y?
17
Let u = 20 + -14. Suppose 2*i - 38 = -2*s, 3*s + u*i = i + 47. What are the prime factors of s?
2, 3
Suppose -4 = 6*m - 2*m, 15 = n - 5*m. Suppose 0 = 3*a + 2*a + n. List the prime factors of -2 - (a - 16)/3.
2
Let g = 1 - 1. Let i = -30 + 48. Suppose g = -2*t + d + 19, -18 = -3*t - d + i. List the prime factors of t.
11
Let b = 9 + -13. Let p be 2/b*(-354)/3. Suppose -5*z - 5*w = 9 - p, 4*w - 5 = 3*z. What are the prime factors of z?
5
Let u = 20 + -30. What are the prime factors of 27/(-45) - 76/u?
7
Let r(t) = 3*t**2 - 3 + 6 - 7*t